{"id":3,"date":"2019-09-04T15:57:30","date_gmt":"2019-09-04T13:57:30","guid":{"rendered":"http:\/\/hamburger-spielhaeuser.de\/neu\/?page_id=3"},"modified":"2022-02-28T10:28:53","modified_gmt":"2022-02-28T09:28:53","slug":"datenschutzerklaerung","status":"publish","type":"page","link":"https:\/\/hamburger-spielhaeuser.de\/neu\/datenschutzerklaerung\/","title":{"rendered":"Datenschutzerkl\u00e4rung"},"content":{"rendered":"\n<h2>Wer wir sind<\/h2>\n\n\n\n<p>Der Verein &#8218;Hamburger Spielh\u00e4user&#8216; ist ein Zusammenschluss von Mitarbeiter*innen und Freund*innen der Hamburger Spielh\u00e4user und m\u00f6chte hier \u00fcber diese Einrichtungen der offenen Kinder- und Jugendarbeit informieren.<br>Die Adresse unserer Website ist: http:\/\/hamburger-spielhaeuser.de<\/p>\n\n\n\n<h2>Welche personenbezogenen Daten wir sammeln und warum wir sie sammeln<\/h2>\n\n\n\n<h3>Kommentare<\/h3>\n\n\n\n<p>Wenn Besucher Kommentare auf der Website schreiben, sammeln wir die Daten, die im Kommentar-Formular angezeigt werden, au\u00dferdem die IP-Adresse des Besuchers und den User-Agent-String (damit wird der Browser identifiziert), um die Erkennung von Spam zu unterst\u00fctzen.<\/p>\n\n\n\n<p>Aus deiner E-Mail-Adresse kann eine anonymisierte Zeichenfolge erstellt (auch Hash genannt) und dem Gravatar-Dienst \u00fcbergeben werden, um zu pr\u00fcfen, ob du diesen benutzt. Die Datenschutzerkl\u00e4rung des Gravatar-Dienstes findest du hier: https:\/\/automattic.com\/privacy\/. Nachdem dein Kommentar freigegeben wurde, ist dein Profilbild \u00f6ffentlich im Kontext deines Kommentars sichtbar.<\/p>\n\n\n\n<h3>Medien<\/h3>\n\n\n\n<p>Wenn du ein registrierter Benutzer bist und Fotos auf diese Website l\u00e4dst, solltest du vermeiden, Fotos mit einem EXIF-GPS-Standort hochzuladen. Besucher dieser Website k\u00f6nnten Fotos, die auf dieser Website gespeichert sind, herunterladen und deren Standort-Informationen extrahieren.<\/p>\n\n\n\n<h3>Kontaktformulare<\/h3>\n\n\n\n<p>Wir stellen gegebenenfalls ein Kontaktformular zur Verf\u00fcgung, das, sofern es zur Kontaktaufnahme genutzt wird, die eingegebenen Daten an uns \u00fcbermittelt. Diese werden solange von uns gespeichert, wie es f\u00fcr die Beantwortung der anstehenden Fragen zweckm\u00e4\u00dfig ist.<\/p>\n\n\n\n<h3>Cookies<\/h3>\n\n\n\n<p>Wenn du einen Kommentar auf unserer Website schreibst, kann das eine Einwilligung sein, deinen Namen, E-Mail-Adresse und Website in Cookies zu speichern. Dies ist eine Komfortfunktion, damit du nicht, wenn du einen weiteren Kommentar schreibst, all diese Daten erneut eingeben musst. Diese Cookies werden ein Jahr lang gespeichert.<\/p>\n\n\n\n<p>Falls du ein Konto hast und dich auf dieser Website anmeldest, werden wir ein tempor\u00e4res Cookie setzen, um festzustellen, ob dein Browser Cookies akzeptiert. Dieses Cookie enth\u00e4lt keine personenbezogenen Daten und wird verworfen, wenn du deinen Browser schlie\u00dft.<\/p>\n\n\n\n<p>Wenn du dich anmeldest, werden wir einige Cookies einrichten, um deine Anmeldeinformationen und Anzeigeoptionen zu speichern. Anmelde-Cookies verfallen nach zwei Tagen und Cookies f\u00fcr die Anzeigeoptionen nach einem Jahr. Falls du bei der Anmeldung \u201eAngemeldet bleiben\u201c ausw\u00e4hlst, wird deine Anmeldung zwei Wochen lang aufrechterhalten. Mit der Abmeldung aus deinem Konto werden die Anmelde-Cookies gel\u00f6scht.<\/p>\n\n\n\n<p>Wenn du einen Artikel bearbeitest oder ver\u00f6ffentlichst, wird ein zus\u00e4tzlicher Cookie in deinem Browser gespeichert. Dieser Cookie enth\u00e4lt keine personenbezogenen Daten und verweist nur auf die Beitrags-ID des Artikels, den du gerade bearbeitet hast. Der Cookie verf\u00e4llt nach einem Tag.<\/p>\n\n\n\n<h3>Eingebettete Inhalte von anderen Websites<\/h3>\n\n\n\n<p>Beitr\u00e4ge auf dieser Website k\u00f6nnen eingebettete Inhalte beinhalten (z.&nbsp;B. Videos, Bilder, Beitr\u00e4ge etc.). Eingebettete Inhalte von anderen Websites verhalten sich exakt so, als ob der Besucher die andere Website besucht h\u00e4tte.<\/p>\n\n\n\n<p>Diese Websites k\u00f6nnen Daten \u00fcber dich sammeln, Cookies benutzen, zus\u00e4tzliche Tracking-Dienste von Dritten einbetten und deine Interaktion mit diesem eingebetteten Inhalt aufzeichnen, inklusive deiner Interaktion mit dem eingebetteten Inhalt, falls du ein Konto hast und auf dieser Website angemeldet bist.<\/p>\n\n\n\n<h3><strong>OpenPetition<\/strong><\/h3>\n\n\n\n<p>&#8222;F\u00fcr eine Online-Unterschriftensammlung betreiben wir eine gemeinsame Seite mit openPetition. F\u00fcr das Unterschriftenformular gelten die\u00a0<a href=\"https:\/\/www.openpetition.de\/content\/data_privacy\">Datenschutzbestimmungen von openPetition<\/a>.&#8220;<\/p>\n\n\n<p><!--\n<\/p>\n\n\n\n\n\n\n\n\n\n\n\n\n\n\n\n\n\n--><\/p>\n\n\n<h3>Analysedienste<\/h3>\n\n\n\n<p>werden zurzeit nicht von uns eingesetzt, serverseitig werden jedoch Daten erhoben, die der Verbesserung des technischen Angebots dienen.<\/p>\n\n\n\n<h2>Mit wem wir deine Daten teilen<\/h2>\n\n\n\n<h3>Zugriffsdaten  Server-Logfiles<\/h3>\n\n\n\n<p>Der Anbieter (beziehungsweise der \nWebspace-Provider) erhebt Daten \u00fcber jeden Zugriff auf das Angebot (so \ngenannte Serverlogfiles). Zu den Zugriffsdaten geh\u00f6ren: Name der \nabgerufenen Webseite, Datei, Datum und Uhrzeit des Abrufs, \u00fcbertragene \nDatenmenge, Meldung \u00fcber erfolgreichen Abruf, Browsertyp nebst Version, \ndas Betriebssystem des Nutzers, Referrer URL (die zuvor besuchte Seite),\n IP-Adresse und der anfragende Provider. Der Anbieter verwendet die \nProtokolldaten nur f\u00fcr statistische Auswertungen zum Zweck des Betriebs,\n der Sicherheit und der Optimierung des Angebotes. Der Anbieterbeh\u00e4lt \nsich jedoch vor, die Protokolldaten nachtr\u00e4glich zu \u00fcberpr\u00fcfen, wenn \naufgrund konkreter Anhaltspunkte der berechtigte Verdacht einer \nrechtswidrigen Nutzung besteht.<\/p>\n\n\n\n<h2>Wie lange wir deine Daten speichern<\/h2>\n\n\n\n<p>Wenn du einen Kommentar schreibst, wird dieser inklusive Metadaten zeitlich unbegrenzt gespeichert. Auf diese Art k\u00f6nnen wir Folgekommentare automatisch erkennen und freigeben, anstelle sie in einer Moderations-Warteschlange festzuhalten.<\/p>\n\n\n\n<p>F\u00fcr Benutzer, die sich auf unserer Website registrieren, speichern wir zus\u00e4tzlich die pers\u00f6nlichen Informationen, die sie in ihren Benutzerprofilen angeben. Alle Benutzer k\u00f6nnen jederzeit ihre pers\u00f6nlichen Informationen einsehen, ver\u00e4ndern oder l\u00f6schen (der Benutzername kann nicht ver\u00e4ndert werden). Administratoren der Website k\u00f6nnen diese Informationen ebenfalls einsehen und ver\u00e4ndern.<\/p>\n\n\n\n<h2>Welche Rechte du an deinen Daten hast<\/h2>\n\n\n\n<p>Wenn du ein Konto auf dieser Website besitzt oder Kommentare geschrieben hast, kannst du einen Export deiner personenbezogenen Daten bei uns anfordern, inklusive aller Daten, die du uns mitgeteilt hast. Dar\u00fcber hinaus kannst du die L\u00f6schung aller personenbezogenen Daten, die wir von dir gespeichert haben, anfordern. Dies umfasst nicht die Daten, die wir aufgrund administrativer, rechtlicher oder sicherheitsrelevanter Notwendigkeiten aufbewahren m\u00fcssen.<\/p>\n\n\n\n<h2>Wohin wir deine Daten senden<\/h2>\n\n\n\n<p>Besucher-Kommentare k\u00f6nnten von einem automatisierten Dienst zur Spam-Erkennung untersucht werden.<\/p>\n\n\n\n<h2>Deine Kontakt-Informationen<\/h2>\n\n\n\n<p>werden nicht an Dritte \u00fcbermittelt (bzw. nur auf Wunsch oder nach R\u00fccksprache). Die Kontaktdaten k\u00f6nnen jederzeit gel\u00f6scht werden, wenn dies von den betreffenden Nutzer*innen gew\u00fcnscht wird.<\/p>\n\n\n\n<p>Mit Anliegen zum Schutz deiner pers\u00f6nlichen Daten wende dich bitte an<br><strong>datenschutz@hamburger-spielhaeuser.de<\/strong>.<\/p>\n\n\n\n<!--<h2>Weitere Informationen<\/h2>-->\n\n\n\n<!--<h3>Wie wir deine Daten sch\u00fctzen<\/h3>-->\n\n\n\n<!--<h3>Welche Ma\u00dfnahmen wir bei Datenschutzverletzungen anbieten<\/h3>-->\n\n\n\n<!--<h3>Von welchen Drittanbietern wir Daten erhalten<\/h3>-->\n\n\n\n<!--<h3>Welche automatisierte Entscheidungsfindung und\/oder Profilerstellung wir mit Benutzerdaten durchf\u00fchren<\/h3>-->\n\n\n\n<!--<h3>Industrielle aufsichtsrechtliche Regulierungsanforderungen<\/h3>-->\n","protected":false},"excerpt":{"rendered":"<p>Wer wir sind Der Verein &#8218;Hamburger Spielh\u00e4user&#8216; ist ein Zusammenschluss von Mitarbeiter*innen und Freund*innen der Hamburger Spielh\u00e4user und m\u00f6chte hier \u00fcber diese Einrichtungen der offenen Kinder- und Jugendarbeit informieren.Die Adresse unserer Website ist: http:\/\/hamburger-spielhaeuser.de Welche personenbezogenen Daten wir sammeln und warum wir sie sammeln Kommentare Wenn Besucher Kommentare auf der Website schreiben, sammeln wir die Daten, die im Kommentar-Formular angezeigt<\/p>\n","protected":false},"author":1,"featured_media":0,"parent":0,"menu_order":0,"comment_status":"closed","ping_status":"open","template":"","meta":[],"_links":{"self":[{"href":"https:\/\/hamburger-spielhaeuser.de\/neu\/wp-json\/wp\/v2\/pages\/3"}],"collection":[{"href":"https:\/\/hamburger-spielhaeuser.de\/neu\/wp-json\/wp\/v2\/pages"}],"about":[{"href":"https:\/\/hamburger-spielhaeuser.de\/neu\/wp-json\/wp\/v2\/types\/page"}],"author":[{"embeddable":true,"href":"https:\/\/hamburger-spielhaeuser.de\/neu\/wp-json\/wp\/v2\/users\/1"}],"replies":[{"embeddable":true,"href":"https:\/\/hamburger-spielhaeuser.de\/neu\/wp-json\/wp\/v2\/comments?post=3"}],"version-history":[{"count":3,"href":"https:\/\/hamburger-spielhaeuser.de\/neu\/wp-json\/wp\/v2\/pages\/3\/revisions"}],"predecessor-version":[{"id":1323,"href":"https:\/\/hamburger-spielhaeuser.de\/neu\/wp-json\/wp\/v2\/pages\/3\/revisions\/1323"}],"wp:attachment":[{"href":"https:\/\/hamburger-spielhaeuser.de\/neu\/wp-json\/wp\/v2\/media?parent=3"}],"curies":[{"name":"wp","href":"https:\/\/api.w.org\/{rel}","templated":true}]}}