{"id":391,"date":"2019-09-09T09:09:50","date_gmt":"2019-09-09T07:09:50","guid":{"rendered":"http:\/\/hamburger-spielhaeuser.de\/neu\/?page_id=391"},"modified":"2019-10-09T03:03:08","modified_gmt":"2019-10-09T01:03:08","slug":"spielhaus-aussenmuehle","status":"publish","type":"page","link":"https:\/\/hamburger-spielhaeuser.de\/neu\/spielhaus-aussenmuehle\/","title":{"rendered":"Spielhaus Au\u00dfenm\u00fchle"},"content":{"rendered":"\n<div class=\"wp-block-media-text alignwide has-media-on-the-right\"><figure class=\"wp-block-media-text__media\"><img src=\"http:\/\/hamburger-spielhaeuser.de\/spielhaeuser\/aussenmuehle\/images\/foto_aussenmuehle_300x195_.jpg\" alt=\"\" class=\"wp-image-284\"\/><\/figure><div class=\"wp-block-media-text__content\">\n<p style=\"text-align:left\">Marmstorfer Weg 33<br>21077 Hamburg<\/p>\n\n\n\n<p>Tel: 040 \/ 760 29 79<br>Fax: 040 \/ 702 946 80<\/p>\n\n\n\n<p>Tr\u00e4ger der Einrichtung:<br>Elternkreis f\u00fcr Schul-, Freizeit- und Berufsf\u00f6rderung e.V.<\/p>\n\n\n\n<p>Website der Einrichtung:\u00a0  <br><a rel=\"noreferrer noopener\" aria-label=\" (\u00f6ffnet in neuem Tab)\" target=\"_blank\" href=\"http:\/\/kita-aussenmuehle.de\/\">www.kita-aussenmuehle.de<\/a> <\/p>\n<\/div><\/div>\n\n\n\n<div style=\"height:20px\" aria-hidden=\"true\" class=\"wp-block-spacer\"><\/div>\n\n\n\n<hr class=\"wp-block-separator is-style-wide\"\/>\n\n\n\n<p>Das Spielhaus Au\u00dfenm\u00fchle mit seiner \u00fcber 50j\u00e4hrigenTradition, befindet sich mitten im Park mit einer \u00fcber 9000m\u00b2 Fl\u00e4che mit gro\u00dfen Spielplatz. Der Spielplatz ist mit Wasserpumpen zum Matschen und einem gro\u00dfem Kinderbecken zum Baden ausgestattet. Die Au\u00dfenm\u00fchle mit ihrer Natur l\u00e4dt die Kinder zum Forschen und Experimentieren ein. Des Weiteren haben wir noch in unmittelbarer N\u00e4he ein Bootshaus am Vinzenzweg. Dort stehen Optis f\u00fcr Kinder bereit, um auf der Au\u00dfenm\u00fchle erste Segelerfahrungen zu machen.<\/p>\n\n\n\n<p>Das Spielhaus wird mittlerweile vor allem als Kita und Krippe genutzt. <\/p>\n\n\n\n<p>Es gibt keinen offenen Bereich mehr,jedoch noch offene Interessensgruppen: <\/p>\n\n\n\n<p>Segeln Montag und Mittwoch von 16:00 bis 18:00 Uhr.   <\/p>\n","protected":false},"excerpt":{"rendered":"<p>Marmstorfer Weg 3321077 Hamburg Tel: 040 \/ 760 29 79Fax: 040 \/ 702 946 80 Tr\u00e4ger der Einrichtung:Elternkreis f\u00fcr Schul-, Freizeit- und Berufsf\u00f6rderung e.V. Website der Einrichtung:\u00a0 www.kita-aussenmuehle.de Das Spielhaus Au\u00dfenm\u00fchle mit seiner \u00fcber 50j\u00e4hrigenTradition, befindet sich mitten im Park mit einer \u00fcber 9000m\u00b2 Fl\u00e4che mit gro\u00dfen Spielplatz. Der Spielplatz ist mit Wasserpumpen zum Matschen und einem gro\u00dfem Kinderbecken zum<\/p>\n","protected":false},"author":6,"featured_media":0,"parent":0,"menu_order":0,"comment_status":"closed","ping_status":"closed","template":"","meta":[],"_links":{"self":[{"href":"https:\/\/hamburger-spielhaeuser.de\/neu\/wp-json\/wp\/v2\/pages\/391"}],"collection":[{"href":"https:\/\/hamburger-spielhaeuser.de\/neu\/wp-json\/wp\/v2\/pages"}],"about":[{"href":"https:\/\/hamburger-spielhaeuser.de\/neu\/wp-json\/wp\/v2\/types\/page"}],"author":[{"embeddable":true,"href":"https:\/\/hamburger-spielhaeuser.de\/neu\/wp-json\/wp\/v2\/users\/6"}],"replies":[{"embeddable":true,"href":"https:\/\/hamburger-spielhaeuser.de\/neu\/wp-json\/wp\/v2\/comments?post=391"}],"version-history":[{"count":1,"href":"https:\/\/hamburger-spielhaeuser.de\/neu\/wp-json\/wp\/v2\/pages\/391\/revisions"}],"predecessor-version":[{"id":394,"href":"https:\/\/hamburger-spielhaeuser.de\/neu\/wp-json\/wp\/v2\/pages\/391\/revisions\/394"}],"wp:attachment":[{"href":"https:\/\/hamburger-spielhaeuser.de\/neu\/wp-json\/wp\/v2\/media?parent=391"}],"curies":[{"name":"wp","href":"https:\/\/api.w.org\/{rel}","templated":true}]}}