{"id":473,"date":"2019-09-09T09:09:09","date_gmt":"2019-09-09T09:09:09","guid":{"rendered":"http:\/\/hamburger-spielhaeuser.de\/neu\/?page_id=473"},"modified":"2020-01-21T17:10:51","modified_gmt":"2020-01-21T16:10:51","slug":"spielhaus-eidelstedt","status":"publish","type":"page","link":"https:\/\/hamburger-spielhaeuser.de\/neu\/spielhaus-eidelstedt\/","title":{"rendered":"Spielhaus Eidelstedt"},"content":{"rendered":"\n<div class=\"wp-block-media-text alignwide has-media-on-the-right\" style=\"grid-template-columns:auto 43%\"><figure class=\"wp-block-media-text__media\"><img loading=\"lazy\" width=\"418\" height=\"279\" src=\"http:\/\/hamburger-spielhaeuser.de\/neu\/wp-content\/uploads\/sph-eidelstedt.jpg\" alt=\"\" class=\"wp-image-590\" srcset=\"https:\/\/hamburger-spielhaeuser.de\/neu\/wp-content\/uploads\/sph-eidelstedt.jpg 418w, https:\/\/hamburger-spielhaeuser.de\/neu\/wp-content\/uploads\/sph-eidelstedt-300x200.jpg 300w\" sizes=\"(max-width: 418px) 100vw, 418px\" \/><\/figure><div class=\"wp-block-media-text__content\">\n<p style=\"color:#214260\" class=\"has-text-color\"><strong>Wiebelstra\u00dfe 10<br>22523 Hamburg<br>Tel.\/Fax:040\/ 570 83 70<br> Email: <a href=\"mailto:spielhaus-eidelstedt@eimsbuettel.hamburg.de\">spielhaus-eidelstedt@eimsbuettel.hamburg.de<\/a><br> <br>Leitung: Stefanie Pfitzner<br>Tr\u00e4ger: <a href=\"https:\/\/www.hamburg.de\/eimsbuettel\/kinder-und-jugendliche\/4503426\/offene-treffpunkte\/\">Bezirksamt Eimsb\u00fcttel<\/a><\/strong><br><br><strong>Website: <a href=\"http:\/\/spielhaus-eidelstedt.de\">spielhaus-eidelstedt.de<\/a><\/strong><\/p>\n<\/div><\/div>\n\n\n\n<div style=\"height:20px\" aria-hidden=\"true\" class=\"wp-block-spacer\"><\/div>\n\n\n\n<hr class=\"wp-block-separator is-style-wide\"\/>\n\n\n\n<p>Das Spielhaus Eidelstedt ist seit mehr als 30 Jahren ein offener Treffpunkt f\u00fcr Kinder und Familien aus dem Stadtteil.<\/p>\n\n\n\n<p style=\"text-align:center\"><strong>Wir bieten Kindern, Jugendlichen und Familien Freir\u00e4ume <br>und M\u00f6glichkeiten, ihre Freizeit zu gestalten.<br>Neben der Chance kreative, sportliche oder <br>kulinarische Angebote zu nutzen, findet Ihr hier vor Ort <br>in dem Projekt MoMiCa des Tr\u00e4gers ASP Wegenkamp e.V. <br>ein offenes Ohr f\u00fcr Probleme und Herausforderungen, <br>Hilfen, Beratung und Unterst\u00fctzung.&nbsp;&nbsp;<br><\/strong><\/p>\n\n\n\n<h2 style=\"text-align:center\"><strong>\u00d6ffnungszeiten<\/strong><\/h2>\n\n\n\n<table class=\"wp-block-table\"><tbody><tr><td><p style=\"margin: 0cm 0cm 0pt;text-align: center;line-height: 150%\" align=\"center\"><b>Montag<\/b><\/p><\/td><td><p style=\"margin: 0cm 0cm 0pt;text-align: center;line-height: 150%\" align=\"center\"><b>Dienstag<\/b><\/p><\/td><td><p style=\"margin: 0cm 0cm 0pt;text-align: center;line-height: 150%\" align=\"center\"><b>Mittwoch<\/b><\/p><\/td><td><p style=\"margin: 0cm 0cm 0pt;text-align: center;line-height: 150%\" align=\"center\"><b>Donnerstag<\/b><\/p><\/td><td><p style=\"margin: 0cm 0cm 0pt;text-align: center;line-height: 150%\" align=\"center\"><b>Freitag<\/b><\/p><\/td><td><p style=\"margin: 0cm 0cm 0pt;text-align: center;line-height: 150%\" align=\"center\"><b>Samstag<\/b><\/p><\/td><\/tr><tr><td><p style=\"margin: 0cm 0cm 0pt;text-align: center;line-height: 150%\" align=\"center\"><b>10.00-12.30<br><span style=\"color: red\">MoMiCa<\/span><\/b><\/p><\/td><td><p style=\"margin: 0cm 0cm 0pt;text-align: center;line-height: 150%\" align=\"center\"><b>10.00-12.00<br>Sprachkurs<\/b><\/p><\/td><td><p style=\"margin: 0cm 0cm 0pt;text-align: center;line-height: 150%\" align=\"center\"><b>10.00-12.30<br><span style=\"color: red;line-height: 150%\">MoMiCa<\/span><\/b><\/p><\/td><td><p style=\"margin: 0cm 0cm 0pt;text-align: center;line-height: 150%\" align=\"center\"><b>10.00-12.00<br>Sprachkurs<\/b><\/p><\/td><td><p style=\"margin: 0cm 0cm 0pt;text-align: center;line-height: 150%\" align=\"center\"><b><span style=\"line-height: 150%\">&nbsp;<\/span><\/b><\/p><\/td><td><p style=\"margin: 0cm 0cm 0pt;text-align: center;line-height: 150%\" align=\"center\"><b>12.00-18.00<br><span style=\"color: red\">Familientag<\/span><\/b><\/p><\/td><\/tr><tr><td><p style=\"margin: 0cm 0cm 0pt;text-align: center;line-height: 150%\" align=\"center\"><b>&nbsp;<\/b><br>&nbsp;<\/p><\/td><td><p style=\"margin: 0cm 0cm 0pt;text-align: center;line-height: 150%\" align=\"center\"><b>16.00\u201319.00<br><span style=\"color: red\">Kindertag<\/span><\/b><\/p><br><\/td><td><p style=\"margin: 0cm 0cm 0pt;text-align: center;line-height: 150%\" align=\"center\"><b>15.00-19.00<br><span style=\"color: red;line-height: 150%\">Familientag<br>MoMiCa<\/span><\/b><\/p><\/td><td><p style=\"margin: 0cm 0cm 0pt;text-align: center;line-height: 150%\" align=\"center\"><b>16.00-19.00<br><span style=\"color: red\">Kindertag<\/span><\/b><\/p><br><\/td><td><p style=\"margin: 0cm 0cm 0pt;text-align: center;line-height: 150%\" align=\"center\"><b>16.00\u201319.00<br><span style=\"color: red\">Kindertag<\/span><\/b><\/p><br><\/td><td><p style=\"margin: 0cm 0cm 0pt;text-align: center;line-height: 150%\" align=\"center\"><b>12.00-18.00<br><span style=\"color: red;line-height: 150%\">Familientag<\/span><\/b><\/p><br><\/td><\/tr><\/tbody><\/table>\n\n\n\n<p><font face=\"Times New Roman\" color=\"#000000\"><font size=\"3\"><b>&nbsp; <\/b>  <\/font><\/font><\/p>\n\n\n\n<p style=\"text-align:center\"><font face=\"Times New Roman\" color=\"#000000\"><b><span style=\"color: red;line-height: 150%\"><font size=\"3\">Wir bieten euch offene Spiel-, Bastel- und Kochangebote.<\/font><\/span><\/b><\/font><br><font face=\"Times New Roman\" color=\"#000000\"><b><span style=\"line-height: 150%\"><font size=\"3\">An den <span style=\"color: red\">Kindertagen<\/span> \u00f6ffnet das Spielhaus f\u00fcr Schulkinder bis 14 Jahre<\/font><\/span><\/b><\/font><\/p>\n\n\n\n<p style=\"text-align:center\"><font face=\"Times New Roman\" color=\"#000000\"><b><span style=\"line-height: 150%\"><font size=\"3\">An den <span style=\"color: red\">Familientagen<\/span> sind alle herzlich willkommen.<\/font><\/span><\/b><\/font><\/p>\n\n\n\n<p><font face=\"Times New Roman\" color=\"#000000\"><font size=\"3\">  &nbsp;<\/font><\/font><\/p>\n\n\n\n<p style=\"text-align:center\"><font size=\"4\"><b><font color=\"#0000ff\">Aktuelles<\/font>&nbsp;<\/b><\/font><\/p>\n\n\n\n<p style=\"text-align:center\">&nbsp;<b><font size=\"2\" color=\"#000000\">Am Samstag,16.02.19 feiern wir <font color=\"#3300ff\">Fasching.<\/font><\/font><\/b><\/p>\n\n\n\n<p style=\"text-align:center\"><b><font size=\"2\" color=\"#000000\">Am Samstag, 06.04.19 veranstalten wir <b><font size=\"2\" color=\"#000000\">in<\/font><\/b> <\/font><\/b><br><b><font size=\"2\" color=\"#000000\">Kooperation mit der Elternschule Eidelstedt <\/font><\/b><br><b><font size=\"2\" color=\"#000000\">einen&nbsp;<font color=\"#9900ff\">Flohmarkt von 11.30 bis 15.00. <\/font><\/font><\/b><br><b><font size=\"2\" color=\"#000000\"><font color=\"#9900ff\">Es gibt Waffeln und viel zu st\u00f6bern.<\/font><\/font><\/b>&nbsp;<\/p>\n\n\n\n<h6><b><font size=\"2\" color=\"#000000\"><font color=\"#3300ff\">&nbsp;<\/font><\/font><\/b>Programm erste Herbstferienwoche:<\/h6>\n\n\n\n<table style=\"width: 373px;height: 357px\" cellspacing=\"0\" cellpadding=\"5\" border=\"1\"><colgroup><col width=\"43*\"> <col width=\"43*\"> <col width=\"43*\"> <col width=\"43*\"> <col width=\"43*\"> <col width=\"43*\"> <\/colgroup>\n<tbody>\n<tr valign=\"TOP\">\n<td>\n<p><span style=\"font-family: Comic Sans MS, cursive\">Montag<\/span><\/p>\n<p><span style=\"font-family: Comic Sans MS, cursive\">geschlossen<\/span><\/p>\n<\/td>\n<td>\n<p><span style=\"font-family: Comic Sans MS, cursive\">Dienstag<\/span><\/p>\n<p><span style=\"font-family: Comic Sans MS, cursive\">geschlossen<\/span><\/p>\n<\/td>\n<td>\n<p><span style=\"font-family: Comic Sans MS, cursive\">Mittwoch<\/span><\/p>\n<p><span style=\"font-family: Comic Sans MS, cursive\">geschlossen<\/span><\/p>\n<\/td>\n<td>\n<p><span style=\"font-family: Comic Sans MS, cursive\">Donnerstag<\/span><\/p>\n<p><span style=\"font-family: Comic Sans MS, cursive\">geschlossen<\/span><\/p>\n<\/td>\n<td>\n<p><span style=\"font-family: Comic Sans MS, cursive\">Freitag <\/span><\/p>\n<p><span style=\"font-family: Comic Sans MS, cursive\">geschlossen<\/span><\/p>\n<\/td>\n<td>\n<p><span style=\"font-family: Comic Sans MS, cursive\">Samstag <\/span><\/p>\n<p><span style=\"font-family: Comic Sans MS, cursive\">geschlossen<\/span><\/p>\n<\/td>\n<\/tr>\n<tr valign=\"TOP\">\n<td>\n<p><span style=\"font-family: Comic Sans MS, cursive\">10:00-12.30<\/span><\/p>\n<p><span style=\"color: #ff0000\"><span style=\"font-family: Comic Sans MS, cursive\">MoMiCa<\/span><\/span><\/p>\n<p><span style=\"color: #ff0000\"><span style=\"font-family: Comic Sans MS, cursive\">F\u00e4llt aus<\/span><\/span><\/p>\n<\/td>\n<td>\n<p><span style=\"font-family: Comic Sans MS, cursive\">10:00-12:00<\/span><\/p>\n<p><span style=\"font-family: Comic Sans MS, cursive\">Sprachkurs<\/span><\/p>\n<p><span style=\"font-family: Comic Sans MS, cursive\">F\u00e4llt aus<\/span><\/p>\n<\/td>\n<td>\n<p><span style=\"font-family: Comic Sans MS, cursive\">10:00-12:30<\/span><\/p>\n<p><span style=\"color: #ff0000\"><span style=\"font-family: Comic Sans MS, cursive\">MoMiCa<\/span><\/span><\/p>\n<p><span style=\"color: #ff0000\"><span style=\"font-family: Comic Sans MS, cursive\">F\u00e4llt aus<\/span><\/span><\/p>\n<\/td>\n<td>\n<p><span style=\"font-family: Comic Sans MS, cursive\">10:00-12:00<\/span><\/p>\n<p><span style=\"font-family: Comic Sans MS, cursive\">Sprachkurs<\/span><\/p>\n<p><span style=\"font-family: Comic Sans MS, cursive\">F\u00e4llt aus<\/span><\/p>\n<\/td>\n<td>\n<p>&nbsp;<\/p>\n<\/td>\n<td>\n<p><span style=\"font-family: Comic Sans MS, cursive\">12:00-18:00<\/span><\/p>\n<p><span style=\"color: #ff0000\"><span style=\"font-family: Comic Sans MS, cursive\">Familientag<\/span><\/span><\/p>\n<p><span style=\"color: #ff0000\"><span style=\"font-family: Comic Sans MS, cursive\">F\u00e4llt aus<\/span><\/span><\/p>\n<\/td>\n<\/tr>\n<tr valign=\"TOP\">\n<td>\n<p>&nbsp;<\/p>\n<\/td>\n<td>\n<p><span style=\"font-family: Comic Sans MS, cursive\">13:00-18:00<\/span><\/p>\n<p><span style=\"color: #ff0000\"><span style=\"font-family: Comic Sans MS, cursive\">Kinderaus-flug Kino<\/span><\/span><\/p>\n<\/td>\n<td>\n<p><span style=\"font-family: Comic Sans MS, cursive\">14:00-18:00<\/span><\/p>\n<p><span style=\"color: #ff0000\"><span style=\"font-family: Comic Sans MS, cursive\">Familienaus-flug ins Rabatzz<\/span><\/span><\/p>\n<\/td>\n<td>\n<p><span style=\"font-family: Comic Sans MS, cursive\">15:00-18:00<\/span><\/p>\n<p><span style=\"color: #ff0000\"><span style=\"font-family: Comic Sans MS, cursive\">Kinderaus-flug JumpHouse<\/span><\/span><\/p>\n<\/td>\n<td>\n<p><span style=\"font-family: Comic Sans MS, cursive\">17:00-10:00<\/span><\/p>\n<p><span style=\"color: #ff0000\"><span style=\"font-family: Comic Sans MS, cursive\">Kinder\u00fcber-nachtung<\/span><\/span><\/p>\n<\/td>\n<td>\n<p><span style=\"font-family: Comic Sans MS, cursive\">12:00-18:00<\/span><\/p>\n<p><span style=\"color: #ff0000\"><span style=\"font-family: Comic Sans MS, cursive\">Familientag<\/span><\/span><\/p>\n<p><span style=\"color: #ff0000\"><span style=\"font-family: Comic Sans MS, cursive\">F\u00e4llt aus<\/span><\/span><\/p>\n<\/td>\n<\/tr>\n<\/tbody>\n<\/table>\n\n\n\n<h6>\u00d6ffnungszeiten in der&nbsp;<strong>zweiten Ferienwoche<\/strong>&nbsp;vom 14.10.19 bis 19.10.19:<\/h6>\n\n\n\n<table style=\"width: 453px;height: 318px\" cellspacing=\"0\" cellpadding=\"5\" border=\"1\"><colgroup><col width=\"43*\"> <col width=\"43*\"> <col width=\"43*\"> <col width=\"43*\"> <col width=\"43*\"> <col width=\"43*\"> <\/colgroup>\n<tbody>\n<tr valign=\"TOP\">\n<td>\n<p><span style=\"font-family: Comic Sans MS, cursive\">Montag<\/span><\/p>\n<p><span style=\"font-family: Comic Sans MS, cursive\">geschlossen<\/span><\/p>\n<\/td>\n<td>\n<p><span style=\"font-family: Comic Sans MS, cursive\">Dienstag<\/span><\/p>\n<p><span style=\"font-family: Comic Sans MS, cursive\">offen<br><\/span><\/p>\n<\/td>\n<td>\n<p><span style=\"font-family: Comic Sans MS, cursive\">Mittwoch<\/span><\/p>\n<p><span style=\"font-family: Comic Sans MS, cursive\">offen<br><\/span><\/p>\n<\/td>\n<td>\n<p><span style=\"font-family: Comic Sans MS, cursive\">Donnerstag<\/span><\/p>\n<p><span style=\"font-family: Comic Sans MS, cursive\">offen<br><\/span><\/p>\n<\/td>\n<td>\n<p><span style=\"font-family: Comic Sans MS, cursive\">Freitag <\/span><\/p>\n<p><span style=\"font-family: Comic Sans MS, cursive\">offen<br><\/span><\/p>\n<\/td>\n<td>\n<p><span style=\"font-family: Comic Sans MS, cursive\">Samstag <br><\/span><\/p>\n<p>offen<\/p>\n<\/td>\n<\/tr>\n<tr valign=\"TOP\">\n<td>\n<p><span style=\"font-family: Comic Sans MS, cursive\">10:00-12.30<\/span><\/p>\n<p><span style=\"color: #ff0000\"><span style=\"font-family: Comic Sans MS, cursive\">MoMiCa<\/span><\/span><\/p>\n<p><span style=\"color: #ff0000\"><span style=\"font-family: Comic Sans MS, cursive\">f\u00e4llt aus<\/span><\/span><\/p>\n<\/td>\n<td>\n<p><span style=\"font-family: Comic Sans MS, cursive\">10:00-12:00<\/span><\/p>\n<p><span style=\"font-family: Comic Sans MS, cursive\">Sprachkurs<\/span><\/p>\n<p><span style=\"font-family: Comic Sans MS, cursive\">F\u00e4llt aus<\/span><\/p>\n<\/td>\n<td>\n<p><span style=\"font-family: Comic Sans MS, cursive\">10:00-12:00<\/span><\/p>\n<p><span style=\"color: #ff0000\"><span style=\"font-family: Comic Sans MS, cursive\">MoMiCa, intern. Fr\u00fchst\u00fcck<br><\/span><\/span><\/p>\n<\/td>\n<td>\n<p><span style=\"font-family: Comic Sans MS, cursive\">10:00-12:00<\/span><\/p>\n<p><span style=\"font-family: Comic Sans MS, cursive\">Sprachkurs<\/span><\/p>\n<p><span style=\"font-family: Comic Sans MS, cursive\">F\u00e4llt aus<\/span><\/p>\n<\/td>\n<td>\n<p>&nbsp;<\/p>\n<\/td>\n<td>\n<p><span style=\"font-family: Comic Sans MS, cursive\">12:00-18:00<\/span><\/p>\n<p><span style=\"color: #ff0000\"><span style=\"font-family: Comic Sans MS, cursive\">Familientag<\/span><\/span><\/p>\n<p><span style=\"color: #ff0000\"><span style=\"font-family: Comic Sans MS, cursive\"><\/span><\/span><\/p>\n<\/td>\n<\/tr>\n<tr valign=\"TOP\">\n<td>\n<p>&nbsp;<\/p>\n<\/td>\n<td>\n<p><span style=\"font-family: Comic Sans MS, cursive\">14:00-18:00<\/span><\/p>\n<p><span style=\"color: #ff0000\"><span style=\"font-family: Comic Sans MS, cursive\">Kindertag<br><\/span><\/span><\/p>\n<\/td>\n<td>\n<p><span style=\"font-family: Comic Sans MS, cursive\">14:00-18:00<\/span><\/p>\n<p><span style=\"color: #ff0000\"><span style=\"font-family: Comic Sans MS, cursive\">MoMiCa<\/span><\/span><\/p>\n<p><span style=\"color: #ff0000\"><span style=\"font-family: Comic Sans MS, cursive\">Familientag<br><\/span><\/span><\/p>\n<\/td>\n<td>\n<p><span style=\"font-family: Comic Sans MS, cursive\">14:00-18:00<\/span><\/p>\n<p><span style=\"color: #ff0000\"><span style=\"font-family: Comic Sans MS, cursive\">Kindertag<br><\/span><\/span><\/p>\n<\/td>\n<td>\n<p><span style=\"font-family: Comic Sans MS, cursive\">14:00-18:00<\/span><\/p>\n<p><span style=\"color: #ff0000\"><span style=\"font-family: Comic Sans MS, cursive\">Kindertag<\/span><\/span><\/p>\n<\/td>\n<td>\n<p><span style=\"font-family: Comic Sans MS, cursive\">12:00-18:00<\/span><\/p>\n<p><span style=\"color: #ff0000\"><span style=\"font-family: Comic Sans MS, cursive\">Familientag<\/span><\/span><\/p>\n<p><span style=\"color: #ff0000\"><span style=\"font-family: Comic Sans MS, cursive\"><\/span><\/span><\/p>\n<\/td>\n<\/tr>\n<\/tbody>\n<\/table>\n<p>&nbsp;<\/p>\n<p>An den Kindernachmittagen \u00f6ffnet das Spielhaus f\u00fcr Schulkinder bis 14 Jahre.&nbsp;An den Familientagen sind alle herzlich willkommen.<\/p>\n","protected":false},"excerpt":{"rendered":"<p>Wiebelstra\u00dfe 1022523 HamburgTel.\/Fax:040\/ 570 83 70 Email: spielhaus-eidelstedt@eimsbuettel.hamburg.de Leitung: Stefanie PfitznerTr\u00e4ger: Bezirksamt Eimsb\u00fcttel Website: spielhaus-eidelstedt.de Das Spielhaus Eidelstedt ist seit mehr als 30 Jahren ein offener Treffpunkt f\u00fcr Kinder und Familien aus dem Stadtteil. Wir bieten Kindern, Jugendlichen und Familien Freir\u00e4ume und M\u00f6glichkeiten, ihre Freizeit zu gestalten.Neben der Chance kreative, sportliche oder kulinarische Angebote zu nutzen, findet Ihr hier vor<\/p>\n","protected":false},"author":35,"featured_media":0,"parent":0,"menu_order":0,"comment_status":"closed","ping_status":"closed","template":"","meta":[],"_links":{"self":[{"href":"https:\/\/hamburger-spielhaeuser.de\/neu\/wp-json\/wp\/v2\/pages\/473"}],"collection":[{"href":"https:\/\/hamburger-spielhaeuser.de\/neu\/wp-json\/wp\/v2\/pages"}],"about":[{"href":"https:\/\/hamburger-spielhaeuser.de\/neu\/wp-json\/wp\/v2\/types\/page"}],"author":[{"embeddable":true,"href":"https:\/\/hamburger-spielhaeuser.de\/neu\/wp-json\/wp\/v2\/users\/35"}],"replies":[{"embeddable":true,"href":"https:\/\/hamburger-spielhaeuser.de\/neu\/wp-json\/wp\/v2\/comments?post=473"}],"version-history":[{"count":5,"href":"https:\/\/hamburger-spielhaeuser.de\/neu\/wp-json\/wp\/v2\/pages\/473\/revisions"}],"predecessor-version":[{"id":641,"href":"https:\/\/hamburger-spielhaeuser.de\/neu\/wp-json\/wp\/v2\/pages\/473\/revisions\/641"}],"wp:attachment":[{"href":"https:\/\/hamburger-spielhaeuser.de\/neu\/wp-json\/wp\/v2\/media?parent=473"}],"curies":[{"name":"wp","href":"https:\/\/api.w.org\/{rel}","templated":true}]}}