{"id":475,"date":"2019-09-09T09:09:36","date_gmt":"2019-09-09T07:09:36","guid":{"rendered":"http:\/\/hamburger-spielhaeuser.de\/neu\/?page_id=475"},"modified":"2025-06-20T16:33:12","modified_gmt":"2025-06-20T14:33:12","slug":"spielhaus-wehbers-park","status":"publish","type":"page","link":"https:\/\/hamburger-spielhaeuser.de\/neu\/spielhaus-wehbers-park\/","title":{"rendered":"Spielhaus Wehbers Park"},"content":{"rendered":"\n<div class=\"wp-block-media-text alignwide has-media-on-the-right is-stacked-on-mobile\"><figure class=\"wp-block-media-text__media\"><img loading=\"lazy\" width=\"480\" height=\"371\" src=\"https:\/\/hamburger-spielhaeuser.de\/neu\/wp-content\/uploads\/wehberspark_abr.jpg\" alt=\"\" class=\"wp-image-1867 size-full\" srcset=\"https:\/\/hamburger-spielhaeuser.de\/neu\/wp-content\/uploads\/wehberspark_abr.jpg 480w, https:\/\/hamburger-spielhaeuser.de\/neu\/wp-content\/uploads\/wehberspark_abr-300x232.jpg 300w\" sizes=\"(max-width: 480px) 100vw, 480px\" \/><\/figure><div class=\"wp-block-media-text__content\">\n<p style=\"font-size:-1px\"><strong>Emilienstra\u00dfe 55<br>20259 Hamburg<\/strong><br><br><strong>E-Mail: <\/strong><a href=\"mailto:spielhaus-wehberspark@eimsbuettel.hamburg.de\"><strong>spielhaus-wehberspark<br>@eimsbuettel.hamburg.de<\/strong><\/a><br><strong>Website: <a href=\"https:\/\/www.spielhaus-wehberspark.de\">www.spielhaus-wehberspark.de<\/a><\/strong><br><br><strong>Tr\u00e4ger der Einrichtung:<br><a href=\"https:\/\/www.hamburg.de\/eimsbuettel\/kinder-und-jugendliche\/4503426\/offene-treffpunkte\/\">Bezirksamt Eimb\u00fcttel<\/a><\/strong><\/p>\n<\/div><\/div>\n\n\n\n<div style=\"height:20px\" aria-hidden=\"true\" class=\"wp-block-spacer\"><\/div>\n\n\n\n<hr class=\"wp-block-separator is-style-wide\"\/>\n\n\n\n<p class=\"has-white-background-color has-text-color has-background has-medium-font-size\" style=\"color:#ff0000\"><strong>Das Spielhaus ist geschlossen und mittlerweile vollst\u00e4ndig abgerissen. <br>Es soll jedoch an gleicher Stelle neu gebaut werden. Der Zeitpunkt ist noch offen.<\/strong><\/p>\n\n\n\n<hr class=\"wp-block-separator is-style-wide\"\/>\n\n\n\n<p><strong>Alter Text:<\/strong><\/p>\n\n\n\n<p>Das Spielhaus Wehbers Park bietet ein offenes p\u00e4dagogisches Angebot f\u00fcr  Kinder ab 0 Jahren gemeinsam mit ihren Eltern: u.a. Kreativangebote,  Musik machen, Holzwerkstatt, Basteln.<\/p>\n\n\n\n<p>Beim Elternfr\u00fchst\u00fcck, Elterncaf\u00e9 oder  Abendbrot f\u00fcr Alleinerziehende  k\u00f6nnen alle Themen angesprochen werden, die Eltern interessieren.<\/p>\n\n\n\n<p>Regelm\u00e4\u00dfig finden Informations- und Austauschveranstaltungen zu Erziehungsthemen statt.<\/p>\n\n\n\n<p>Dazu kooperieren mit anderen Einrichtungen aus dem Stadtteil. An den  Donnerstagen bieten wir ein offenes Beratungsangebot an. <\/p>\n\n\n\n<p>Au\u00dferdem  veranstalten wir Feste und organisieren Ferienfreizeiten und Flohm\u00e4rkte.<br><\/p>\n\n\n\n<p>Das Spielhaus hat ein tolles Au\u00dfengel\u00e4nde mit Wiese, H\u00fcgellandschaft,  Wasserbecken und Wasserpumpe. Dazu gibt es Gokarts, Dreir\u00e4der, Roller  und Ballspiele.<\/p>\n\n\n\n<p>Unser Haus ist vormittags und nachmittags f\u00fcr Kinder, Eltern und Gro\u00dfeltern kostenfrei und ohne Anmeldung ge\u00f6ffnet.<\/p>\n\n\n\n<figure class=\"wp-block-gallery has-nested-images columns-default is-cropped\">\n<figure class=\"wp-block-image\"><img loading=\"lazy\" width=\"320\" height=\"213\" data-id=\"576\"  src=\"http:\/\/hamburger-spielhaeuser.de\/neu\/wp-content\/uploads\/wehberspark_hausaussen-1.jpg\" alt=\"\" class=\"wp-image-576\" srcset=\"https:\/\/hamburger-spielhaeuser.de\/neu\/wp-content\/uploads\/wehberspark_hausaussen-1.jpg 320w, https:\/\/hamburger-spielhaeuser.de\/neu\/wp-content\/uploads\/wehberspark_hausaussen-1-300x200.jpg 300w\" sizes=\"(max-width: 320px) 100vw, 320px\" \/><\/figure>\n\n\n\n<figure class=\"wp-block-image\"><img loading=\"lazy\" width=\"400\" height=\"240\" data-id=\"574\"  src=\"http:\/\/hamburger-spielhaeuser.de\/neu\/wp-content\/uploads\/wehberspark20150630.jpg\" alt=\"\" class=\"wp-image-574\" srcset=\"https:\/\/hamburger-spielhaeuser.de\/neu\/wp-content\/uploads\/wehberspark20150630.jpg 400w, https:\/\/hamburger-spielhaeuser.de\/neu\/wp-content\/uploads\/wehberspark20150630-300x180.jpg 300w\" sizes=\"(max-width: 400px) 100vw, 400px\" \/><\/figure>\n\n\n\n<figure class=\"wp-block-image\"><img loading=\"lazy\" width=\"400\" height=\"204\" data-id=\"573\"  src=\"http:\/\/hamburger-spielhaeuser.de\/neu\/wp-content\/uploads\/wehberspark2015.jpg\" alt=\"\" class=\"wp-image-573\" srcset=\"https:\/\/hamburger-spielhaeuser.de\/neu\/wp-content\/uploads\/wehberspark2015.jpg 400w, https:\/\/hamburger-spielhaeuser.de\/neu\/wp-content\/uploads\/wehberspark2015-300x153.jpg 300w\" sizes=\"(max-width: 400px) 100vw, 400px\" \/><\/figure>\n<\/figure>\n\n\n\n<figure class=\"wp-block-image\"><img loading=\"lazy\" width=\"600\" height=\"139\" src=\"http:\/\/hamburger-spielhaeuser.de\/neu\/wp-content\/uploads\/sph-wehberspark_logo_l.jpg\" alt=\"\" class=\"wp-image-578\" srcset=\"https:\/\/hamburger-spielhaeuser.de\/neu\/wp-content\/uploads\/sph-wehberspark_logo_l.jpg 600w, https:\/\/hamburger-spielhaeuser.de\/neu\/wp-content\/uploads\/sph-wehberspark_logo_l-300x70.jpg 300w\" sizes=\"(max-width: 600px) 100vw, 600px\" \/><\/figure>\n","protected":false},"excerpt":{"rendered":"<p>Emilienstra\u00dfe 5520259 Hamburg E-Mail: spielhaus-wehberspark@eimsbuettel.hamburg.deWebsite: www.spielhaus-wehberspark.de Tr\u00e4ger der Einrichtung:Bezirksamt Eimb\u00fcttel Das Spielhaus ist geschlossen und mittlerweile vollst\u00e4ndig abgerissen. Es soll jedoch an gleicher Stelle neu gebaut werden. Der Zeitpunkt ist noch offen. Alter Text: Das Spielhaus Wehbers Park bietet ein offenes p\u00e4dagogisches Angebot f\u00fcr Kinder ab 0 Jahren gemeinsam mit ihren Eltern: u.a. Kreativangebote, Musik machen, Holzwerkstatt, Basteln. Beim Elternfr\u00fchst\u00fcck,<\/p>\n","protected":false},"author":34,"featured_media":0,"parent":0,"menu_order":0,"comment_status":"closed","ping_status":"closed","template":"","meta":[],"_links":{"self":[{"href":"https:\/\/hamburger-spielhaeuser.de\/neu\/wp-json\/wp\/v2\/pages\/475"}],"collection":[{"href":"https:\/\/hamburger-spielhaeuser.de\/neu\/wp-json\/wp\/v2\/pages"}],"about":[{"href":"https:\/\/hamburger-spielhaeuser.de\/neu\/wp-json\/wp\/v2\/types\/page"}],"author":[{"embeddable":true,"href":"https:\/\/hamburger-spielhaeuser.de\/neu\/wp-json\/wp\/v2\/users\/34"}],"replies":[{"embeddable":true,"href":"https:\/\/hamburger-spielhaeuser.de\/neu\/wp-json\/wp\/v2\/comments?post=475"}],"version-history":[{"count":6,"href":"https:\/\/hamburger-spielhaeuser.de\/neu\/wp-json\/wp\/v2\/pages\/475\/revisions"}],"predecessor-version":[{"id":1869,"href":"https:\/\/hamburger-spielhaeuser.de\/neu\/wp-json\/wp\/v2\/pages\/475\/revisions\/1869"}],"wp:attachment":[{"href":"https:\/\/hamburger-spielhaeuser.de\/neu\/wp-json\/wp\/v2\/media?parent=475"}],"curies":[{"name":"wp","href":"https:\/\/api.w.org\/{rel}","templated":true}]}}