{"id":478,"date":"2019-10-10T05:00:36","date_gmt":"2019-10-10T03:00:36","guid":{"rendered":"http:\/\/hamburger-spielhaeuser.de\/neu\/?page_id=478"},"modified":"2025-04-14T18:21:11","modified_gmt":"2025-04-14T16:21:11","slug":"spielhaus-lohmuehlenpark","status":"publish","type":"page","link":"https:\/\/hamburger-spielhaeuser.de\/neu\/spielhaus-lohmuehlenpark\/","title":{"rendered":"Spielhaus Lohm\u00fchlenpark"},"content":{"rendered":"\n<div class=\"wp-block-media-text alignwide has-media-on-the-right\"><figure class=\"wp-block-media-text__media\"><img loading=\"lazy\" width=\"300\" height=\"225\" src=\"https:\/\/hamburger-spielhaeuser.de\/neu\/wp-content\/uploads\/sph-lohmuehle.jpg\" alt=\"\" class=\"wp-image-916 size-full\"\/><\/figure><div class=\"wp-block-media-text__content\">\n<p class=\"has-text-color\" style=\"color:#214260\"><strong>B\u00fclaustra\u00dfe 5<br>20099 Hamburg<\/strong><br><br><strong>Tel: 040 \/ 247 132<br>e-mail: <\/strong><a href=\"mailto:info@schorsch-hh.de\"><strong>info@schorsch-hh.de<\/strong><\/a><br><br><strong>Tr\u00e4ger der Einrichtung: <\/strong><br><strong>Ev. Kirchengemeinde St.Georg-Borgfelde<br><a href=\"https:\/\/www.schorsch-hh.de\/\">SCHORSCH im IFZ<\/a><\/strong><\/p>\n\n\n\n<p><strong><a href=\"https:\/\/www.schorsch-hh.de\/wo\/spielhaus-im-lohmuehlenpark\">Das Spielhaus auf der SCHORSCH-Website<\/a><\/strong><\/p>\n<\/div><\/div>\n\n\n\n<div class=\"wp-container-2 wp-block-group\"><div class=\"wp-block-group__inner-container\">\n<div class=\"wp-container-1 wp-block-group\"><div class=\"wp-block-group__inner-container\">\n<div style=\"height:20px\" aria-hidden=\"true\" class=\"wp-block-spacer\"><\/div>\n\n\n\n<hr class=\"wp-block-separator is-style-wide\"\/>\n\n\n\n<div style=\"height:20px\" aria-hidden=\"true\" class=\"wp-block-spacer\"><\/div>\n<\/div><\/div>\n<\/div><\/div>\n\n\n\n<h3><em><strong>Treffpunkt f\u00fcr Kinder bis 12 Jahre<\/strong><\/em><\/h3>\n\n\n\n<p>Neben dem offenen Treffpunkt und Angeboten im Haus bieten sich durch die Lage mitten im Lohm\u00fchlenpark mit seinen Spiel- und Sporteinrichtungen umfangreiche Bewegungsm\u00f6glichkeiten. <\/p>\n\n\n\n<p>Weitere Angebote sind Spielen, Kochen, Malen, Basteln, Playstation, &#8230;<\/p>\n\n\n\n<p>Am Sonntag wird mittags zusammen gekocht und gegessen. <\/p>\n\n\n\n<p>Am Montag gibt es das Angebot &#8218;Spiel und Kontakt&#8216; der Einrichtung SCHORSCH, Es wird die \u201eGr\u00fcne H\u00fctte\u201c ge\u00f6ffnet und es k\u00f6nnen Fahrzeuge (Bobbycars, Dreir\u00e4der, Fahrr\u00e4der, Einr\u00e4der &#8230;) und Spielger\u00e4te f\u00fcr Gro\u00df und Klein genutzt werden. <\/p>\n\n\n\n<p>Freitags findet ein Inline-Skating-Kurs statt. <\/p>\n\n\n\n<p>Dar\u00fcber hinaus werden \u00fcber die gesamte Einrichtung SCHORSCH noch Angebote wie Kletterwand, Sportangebote, Kinderchor, Schwimmen und Reisen sowie Sozialberatung angeboten und Feste f\u00fcr Kinder und Familien veranstaltet.<\/p>\n\n\n\n<p>Die \u00fcber 12j\u00e4hrigen wachsen \u00fcber Jungen- und M\u00e4dchengruppen und andere alters\u00fcbergreifende Angebote in den Jugendbereich von SCHORSCH hinein.<\/p>\n\n\n\n<p>Vormittags: Schulkooperation<\/p>\n\n\n\n<div style=\"height:20px\" aria-hidden=\"true\" class=\"wp-block-spacer\"><\/div>\n\n\n\n<hr class=\"wp-block-separator is-style-wide\"\/>\n\n\n\n<div style=\"height:20px\" aria-hidden=\"true\" class=\"wp-block-spacer\"><\/div>\n\n\n\n<div class=\"wp-block-image\"><figure class=\"alignleft size-large\"><a href=\"https:\/\/www.schorsch-hh.de\/kinder\"><img loading=\"lazy\" width=\"300\" height=\"299\" src=\"https:\/\/hamburger-spielhaeuser.de\/neu\/wp-content\/uploads\/sph-lohmuehle_grafik-1.jpg\" alt=\"\" class=\"wp-image-917\" srcset=\"https:\/\/hamburger-spielhaeuser.de\/neu\/wp-content\/uploads\/sph-lohmuehle_grafik-1.jpg 300w, https:\/\/hamburger-spielhaeuser.de\/neu\/wp-content\/uploads\/sph-lohmuehle_grafik-1-150x150.jpg 150w, https:\/\/hamburger-spielhaeuser.de\/neu\/wp-content\/uploads\/sph-lohmuehle_grafik-1-90x90.jpg 90w, https:\/\/hamburger-spielhaeuser.de\/neu\/wp-content\/uploads\/sph-lohmuehle_grafik-1-75x75.jpg 75w\" sizes=\"(max-width: 300px) 100vw, 300px\" \/><\/a><\/figure><\/div>\n\n\n\n<div class=\"wp-block-image\"><figure class=\"alignright size-large\"><a href=\"https:\/\/www.schorsch-hh.de\/\"><img loading=\"lazy\" width=\"310\" height=\"175\" src=\"https:\/\/hamburger-spielhaeuser.de\/neu\/wp-content\/uploads\/schorsch_logo_new.png\" alt=\"SCHORSCH\" class=\"wp-image-912\" srcset=\"https:\/\/hamburger-spielhaeuser.de\/neu\/wp-content\/uploads\/schorsch_logo_new.png 310w, https:\/\/hamburger-spielhaeuser.de\/neu\/wp-content\/uploads\/schorsch_logo_new-300x169.png 300w\" sizes=\"(max-width: 310px) 100vw, 310px\" \/><\/a><\/figure><\/div>\n","protected":false},"excerpt":{"rendered":"<p>B\u00fclaustra\u00dfe 520099 Hamburg Tel: 040 \/ 247 132e-mail: info@schorsch-hh.de Tr\u00e4ger der Einrichtung: Ev. Kirchengemeinde St.Georg-BorgfeldeSCHORSCH im IFZ Das Spielhaus auf der SCHORSCH-Website Treffpunkt f\u00fcr Kinder bis 12 Jahre Neben dem offenen Treffpunkt und Angeboten im Haus bieten sich durch die Lage mitten im Lohm\u00fchlenpark mit seinen Spiel- und Sporteinrichtungen umfangreiche Bewegungsm\u00f6glichkeiten. Weitere Angebote sind Spielen, Kochen, Malen, Basteln, Playstation, &#8230;<\/p>\n","protected":false},"author":30,"featured_media":0,"parent":0,"menu_order":0,"comment_status":"closed","ping_status":"closed","template":"","meta":[],"_links":{"self":[{"href":"https:\/\/hamburger-spielhaeuser.de\/neu\/wp-json\/wp\/v2\/pages\/478"}],"collection":[{"href":"https:\/\/hamburger-spielhaeuser.de\/neu\/wp-json\/wp\/v2\/pages"}],"about":[{"href":"https:\/\/hamburger-spielhaeuser.de\/neu\/wp-json\/wp\/v2\/types\/page"}],"author":[{"embeddable":true,"href":"https:\/\/hamburger-spielhaeuser.de\/neu\/wp-json\/wp\/v2\/users\/30"}],"replies":[{"embeddable":true,"href":"https:\/\/hamburger-spielhaeuser.de\/neu\/wp-json\/wp\/v2\/comments?post=478"}],"version-history":[{"count":3,"href":"https:\/\/hamburger-spielhaeuser.de\/neu\/wp-json\/wp\/v2\/pages\/478\/revisions"}],"predecessor-version":[{"id":1777,"href":"https:\/\/hamburger-spielhaeuser.de\/neu\/wp-json\/wp\/v2\/pages\/478\/revisions\/1777"}],"wp:attachment":[{"href":"https:\/\/hamburger-spielhaeuser.de\/neu\/wp-json\/wp\/v2\/media?parent=478"}],"curies":[{"name":"wp","href":"https:\/\/api.w.org\/{rel}","templated":true}]}}