{"id":479,"date":"2019-09-09T09:09:09","date_gmt":"2019-09-09T09:09:09","guid":{"rendered":"http:\/\/hamburger-spielhaeuser.de\/neu\/?page_id=479"},"modified":"2025-04-14T18:12:03","modified_gmt":"2025-04-14T16:12:03","slug":"spielhaus-st-georgs-kirchhof","status":"publish","type":"page","link":"https:\/\/hamburger-spielhaeuser.de\/neu\/spielhaus-st-georgs-kirchhof\/","title":{"rendered":"Spielhaus St. Georgs Kirchhof"},"content":{"rendered":"\n<div class=\"wp-block-media-text alignwide has-media-on-the-right\"><figure class=\"wp-block-media-text__media\"><img loading=\"lazy\" width=\"424\" height=\"285\" src=\"https:\/\/hamburger-spielhaeuser.de\/neu\/wp-content\/uploads\/spielplatzhaus.jpg\" alt=\"\" class=\"wp-image-925 size-full\" srcset=\"https:\/\/hamburger-spielhaeuser.de\/neu\/wp-content\/uploads\/spielplatzhaus.jpg 424w, https:\/\/hamburger-spielhaeuser.de\/neu\/wp-content\/uploads\/spielplatzhaus-300x202.jpg 300w\" sizes=\"(max-width: 424px) 100vw, 424px\" \/><\/figure><div class=\"wp-block-media-text__content\">\n<p class=\"has-text-color\" style=\"color:#214260\"><strong>St. Georgs Kirchhof 10<br>20099 Hamburg<\/strong><br><br><strong>Tel: 040 \/ 280 48 83<br>e-mail: <\/strong><a href=\"mailto:info@schorsch-hh.de\"><strong>info@schorsch-hh.de<\/strong><\/a><br><br><strong>Tr\u00e4ger der Einrichtung: <\/strong><br><strong>Ev. Kirchengemeinde St.Georg-Borgfelde<br><a href=\"https:\/\/www.hamburg.de\/harburg\/kinder-jugendliche\/\">SCHORS<\/a><a href=\"https:\/\/www.schorsch-hh.de\/\">CH im IFZ<\/a><\/strong><\/p>\n\n\n\n<p><a href=\"https:\/\/www.schorsch-hh.de\/wo\/spielhaus-kirchhof\"><strong>Das Spielhaus auf der SCHORSCH-Website<\/strong><\/a><\/p>\n<\/div><\/div>\n\n\n\n<div class=\"wp-container-2 wp-block-group\"><div class=\"wp-block-group__inner-container\">\n<div class=\"wp-container-1 wp-block-group\"><div class=\"wp-block-group__inner-container\">\n<div style=\"height:20px\" aria-hidden=\"true\" class=\"wp-block-spacer\"><\/div>\n\n\n\n<hr class=\"wp-block-separator is-style-wide\"\/>\n\n\n\n<div style=\"height:20px\" aria-hidden=\"true\" class=\"wp-block-spacer\"><\/div>\n<\/div><\/div>\n<\/div><\/div>\n\n\n\n<h3><em><strong>Treffpunkt f\u00fcr Kinder und Familien<\/strong><\/em><\/h3>\n\n\n\n<p>Der Spielplatz um das Spielhaus neben der St. Georgskirche ist eingez\u00e4unt und ist neben anderen auch mit kleinkindgerechten Spielger\u00e4ten ausgestattet.<\/p>\n\n\n\n<p>Vormittags gibt es Eltern- und Kinderangebote mit offenem Fr\u00fchst\u00fcckstreff, Singen, Gesundheits- und Ern\u00e4hrungsberatung, Sprachf\u00f6rderung u.v.m..<\/p>\n\n\n\n<p>Dienstagvormittags findet eine Eltern-Sportgruppe statt, Kinderbetreuung ist nachAbsprache m\u00f6glich.<\/p>\n\n\n\n<p>Angebote f\u00fcr Kinder im offenen Nachmittagstreff sind u.a. Kochen, Spiele, Singen, Tischtennis, Fu\u00dfball, Tobe- und Kletterm\u00f6glich-keiten, Sandkiste mit Sandspielzeug. <\/p>\n\n\n\n<p>Alle Spiel-, Sport-, Reise- undBeratungsangebote der Gesamteinrichtung SCHORSCH k\u00f6nnen nat\u00fcrlich ebenfalls genutzt werden. <\/p>\n\n\n\n<p>Viele Feste und Veranstaltungen finden ebenfalls zusammen mit SCHORSCH statt und stehen allen Besuchern offen.<\/p>\n\n\n\n<div style=\"height:20px\" aria-hidden=\"true\" class=\"wp-block-spacer\"><\/div>\n\n\n\n<hr class=\"wp-block-separator is-style-wide\"\/>\n\n\n\n<div style=\"height:20px\" aria-hidden=\"true\" class=\"wp-block-spacer\"><\/div>\n\n\n\n<div class=\"wp-block-image\"><figure class=\"alignleft size-large\"><a href=\"https:\/\/www.schorsch-hh.de\/kinder\"><img loading=\"lazy\" width=\"296\" height=\"388\" src=\"https:\/\/hamburger-spielhaeuser.de\/neu\/wp-content\/uploads\/sph-stgeorgskirchhof_grafik-1.jpg\" alt=\"\" class=\"wp-image-920\" srcset=\"https:\/\/hamburger-spielhaeuser.de\/neu\/wp-content\/uploads\/sph-stgeorgskirchhof_grafik-1.jpg 296w, https:\/\/hamburger-spielhaeuser.de\/neu\/wp-content\/uploads\/sph-stgeorgskirchhof_grafik-1-229x300.jpg 229w\" sizes=\"(max-width: 296px) 100vw, 296px\" \/><\/a><\/figure><\/div>\n\n\n\n<div class=\"wp-block-image\"><figure class=\"alignright size-large\"><a href=\"https:\/\/www.schorsch-hh.de\/\"><img loading=\"lazy\" width=\"310\" height=\"175\" src=\"https:\/\/hamburger-spielhaeuser.de\/neu\/wp-content\/uploads\/schorsch_logo_new.png\" alt=\"SCHORSCH\" class=\"wp-image-912\" srcset=\"https:\/\/hamburger-spielhaeuser.de\/neu\/wp-content\/uploads\/schorsch_logo_new.png 310w, https:\/\/hamburger-spielhaeuser.de\/neu\/wp-content\/uploads\/schorsch_logo_new-300x169.png 300w\" sizes=\"(max-width: 310px) 100vw, 310px\" \/><\/a><\/figure><\/div>\n","protected":false},"excerpt":{"rendered":"<p>St. Georgs Kirchhof 1020099 Hamburg Tel: 040 \/ 280 48 83e-mail: info@schorsch-hh.de Tr\u00e4ger der Einrichtung: Ev. Kirchengemeinde St.Georg-BorgfeldeSCHORSCH im IFZ Das Spielhaus auf der SCHORSCH-Website Treffpunkt f\u00fcr Kinder und Familien Der Spielplatz um das Spielhaus neben der St. Georgskirche ist eingez\u00e4unt und ist neben anderen auch mit kleinkindgerechten Spielger\u00e4ten ausgestattet. Vormittags gibt es Eltern- und Kinderangebote mit offenem Fr\u00fchst\u00fcckstreff, Singen,<\/p>\n","protected":false},"author":30,"featured_media":0,"parent":0,"menu_order":0,"comment_status":"closed","ping_status":"closed","template":"","meta":[],"_links":{"self":[{"href":"https:\/\/hamburger-spielhaeuser.de\/neu\/wp-json\/wp\/v2\/pages\/479"}],"collection":[{"href":"https:\/\/hamburger-spielhaeuser.de\/neu\/wp-json\/wp\/v2\/pages"}],"about":[{"href":"https:\/\/hamburger-spielhaeuser.de\/neu\/wp-json\/wp\/v2\/types\/page"}],"author":[{"embeddable":true,"href":"https:\/\/hamburger-spielhaeuser.de\/neu\/wp-json\/wp\/v2\/users\/30"}],"replies":[{"embeddable":true,"href":"https:\/\/hamburger-spielhaeuser.de\/neu\/wp-json\/wp\/v2\/comments?post=479"}],"version-history":[{"count":3,"href":"https:\/\/hamburger-spielhaeuser.de\/neu\/wp-json\/wp\/v2\/pages\/479\/revisions"}],"predecessor-version":[{"id":1775,"href":"https:\/\/hamburger-spielhaeuser.de\/neu\/wp-json\/wp\/v2\/pages\/479\/revisions\/1775"}],"wp:attachment":[{"href":"https:\/\/hamburger-spielhaeuser.de\/neu\/wp-json\/wp\/v2\/media?parent=479"}],"curies":[{"name":"wp","href":"https:\/\/api.w.org\/{rel}","templated":true}]}}